2).
2
Let m(r) = r**2 - 18*r + 1. Let q(d) = d - 1. Let p(a) = -m(a) - 5*q(a). Give p(10).
34
Let s be 75/105 + ((-20)/28)/1. Let u(v) be the third derivative of -1/60*v**5 - 1/3*v**3 + v**2 + 0*v - 1/4*v**4 + s. Calculate u(-5).
3
Let b(r) = -3*r + 33*r**2 - r**3 + 8*r - 26*r**2 - 6 - 12*r. Give b(5).
9
Let p(o) = 3*o - 2. Suppose 50*x - 53*x - 15 = 0. Determine p(x).
-17
Let l(t) = -t + 4. Suppose 5*a + 42 = 10*w - 7*w, 2*a + 4*w - 4 = 0. Determine l(a).
10
Let d(w) = 16*w**2 - 4*w + 3. Let x be d(1). Let t(o) = -o + 14. Determine t(x).
-1
Let m(n) be the second derivative of -7*n**3/6 + n**2 - 2*n - 88. Give m(-2).
16
Let x(v) = -v + 4. Let m = 287 - 275. What is x(m)?
-8
Let k(i) = -2*i**2 + 15. Let b = -941 + 945. Give k(b).
-17
Let c be (-6)/(-21) - (-35)/49. Let x(s) = 63*s + 3*s**2 + c - 62*s - 4*s**2. Determine x(3).
-5
Let h(n) = 26*n - 49*n + 22*n. Give h(8).
-8
Let i(v) = -v**3 + 7*v**2 + 6*v + 7. Let q be (5 + 15 + 0)*2/5. Calculate i(q).
-9
Suppose 5*z = g + 24, -2*g = 2*g - 4*z + 16. Let r be (g*-6)/(12/(-8) - -3). Let k(b) = b**2 + 5*b + 2. Give k(r).
-2
Let f(r) = -5*r**3 - 6*r**2 - 32*r + 12. Let v(u) = 3*u**3 + 4*u**2 + 20*u - 8. Let d(w) = 5*f(w) + 8*v(w). Give d(-2).
12
Let r(a) = -a**3 - 4*a**2 + a + 4. Let b be r(-3). Let s be (3/(-2))/((-2)/b). Let l(j) = -7 + 4*j + 5*j - 17*j + 5*j. What is l(s)?
11
Let c(l) = 17*l**3 - l**2 + 1. Let n = -140 + 141. Give c(n).
17
Let p(n) = n**2 + 4*n - 4. Let g = -15 - -17. Let b be 2/3 - (-30)/9. Suppose -2*f = -2*k - b, -3*f = k + g*f + 26. What is p(k)?
8
Let g(q) = 3*q**2 - 7*q + 4. Let d(h) = -4*h**2 + 8*h - 5. Let o(m) = 2*d(m) + 3*g(m). Determine o(5).
2
Suppose -2*k - 2*b = -0*b, k + 8 = -5*b. Let p(i) = 3 + i + 3*i**k - 2*i**3 - i - 4*i**2 + 4*i. Give p(-2).
7
Suppose -3*o - j + 6*j = 47, -3*o = j + 59. Let r = o - -21. Suppose -m + r - 4 = 0. Let f(y) = -3*y - 2. What is f(m)?
4
Let l(i) = 11*i + 5. Let s(w) = -20*w - 8. Let k(h) = 5*l(h) + 3*s(h). Calculate k(-1).
6
Let s(g) = -21*g + 3*g**2 - 6 + 4 + 21*g. Determine s(-2).
10
Suppose 0 = 5*w - 22 + 57. Let o be (2/6)/(w/(-42)). Let f(x) = 4 - 2*x - 31*x**o + 5*x + 32*x**2 + 3*x. Give f(-5).
-1
Let g(x) = 1. Let l(r) = -1. Let v(y) = -3*g(y) - 4*l(y). Let o(d) = d - 7. Let n(t) = -o(t) + 3*v(t). Give n(11).
-1
Let q(k) = -4*k**3 - 3*k**2 + k + 2. Let r(i) = -3*i**3 - 3*i**2 + 2*i + 3. Let o(s) = 2*q(s) - 3*r(s). Let h be 68/(-18) + (-4)/18. Determine o(h).
-5
Let a = 792 + -790. Let u(b) = b + 3*b - b. Give u(a).
6
Let a(m) = -7*m**3 + 33*m**2 - 15*m - 15. Let w(t) = -3*t**3 + 16*t**2 - 8*t - 7. Let u(v) = -4*a(v) + 9*w(v). Calculate u(-13).
-16
Let y = -70 - -76. Let r(f) = 3*f - 6*f**3 + 5*f**2 + 5*f**3 - 8 + f. Give r(y).
-20
Let w(l) be the first derivative of l**3 + 5 + 2*l + 3/2*l**2. Determine w(-2).
8
Let y(j) = -j**3 + 11*j**2 + 6*j - 6. Let m(q) be the first derivative of 2/3*q**3 + 1/2*q**2 - q - 6. Let b(t) = -11*m(t) + 2*y(t). Determine b(1).
-2
Suppose -4*i - 2*s = -3*i + 8, -5*s - 25 = 0. Let z(u) be the third derivative of -6*u**i - 7/3*u**3 + 0*u**4 + 0*u**5 + 0*u + 0 - 1/120*u**6. Determine z(0).
-14
Suppose -5*y - 25 = 0, 8 = 3*t - 4*y - 6. Let u(k) = 507*k**2 - 2*k + 465*k**2 + 1 - 974*k**2. What is u(t)?
-3
Suppose 0 = -5*t - 7 + 2. Let k(s) be the first derivative of s**4/8 + 11*s**2/2 - 7. Let l(g) be the second derivative of k(g). Give l(t).
-3
Let j(y) = -y**3 - 6*y**2 - 2*y - 2. Let p be j(-6). Suppose 26*d = 31*d - p. Let u(a) = 0*a**2 + 1 + a**2 - 4*a**2 + a**3. Determine u(d).
-3
Let j(m) = m**3 + 4*m**2 - 3*m + 4. Let d = 2 - 27. Let y = d - -20. Give j(y).
-6
Suppose -7*p = -0*p - 21. Let z(g) = g**2 + 2*g - 4. Determine z(p).
11
Let g(j) = j - 4. Let p = -10 - -6. Let y(t) be the first derivative of -t**3/3 - 3*t**2 - 5*t - 3. Let s be y(p). What is g(s)?
-1
Let y(h) = 6*h - 4. Suppose -4*c + 60 = 8*c. What is y(c)?
26
Let q(y) = y**2 + 1. Let w be q(-2). Let n(d) be the first derivative of -2*d**3/3 + 3*d**2 + 4*d + 76. Calculate n(w).
-16
Let a(f) = 2*f + 9. Suppose 0 = 43*b - 24*b - 38. Calculate a(b).
13
Let x = 88 + -92. Let f(j) = j**3 + 3*j**2 - 3*j - 5. Determine f(x).
-9
Let m(x) = 94 - 3*x - 45 - 41. Calculate m(5).
-7
Suppose -4*r + 8 = 4*j, 4*r - 2*r = 2*j + 4. Suppose j = -x - 0*c + c, -5*x - 6 = -3*c. Let a(u) = -u**3 - 3*u**2 - u - 3. Give a(x).
0
Let i be 3*(1 - 0) - -22. Suppose q = -5*a + i, -24 = -4*q - a - 0*a. Suppose 13 = -q*h + 3. Let l(o) = -o**3 - 3*o**2 - 2*o. What is l(h)?
0
Let i(j) = 12 - j**3 + 8*j**2 - 2 + 0 + 9*j. Let k(h) = -230*h - 8501. Let a be k(-37). Calculate i(a).
10
Let i(p) be the third derivative of -11*p**4/12 + p**3/6 - 89*p**2 - 2*p. Determine i(1).
-21
Let w(y) = y**3 + 15*y**2 + 9. Let x be w(-15). Let t be x - 14 - 1*-1. Let l(b) = -b**3 - 5*b**2 - 4*b - 5. Calculate l(t).
-5
Let o(j) = 2*j**2 - 5*j + 2. Suppose -4*z = 4*f - 8*f, 5*f = -5*z + 30. Calculate o(z).
5
Let a(n) = n**2 - 2*n. Let b be 0 + (-4 - -2) - -6. Suppose -7*v = -8*v + b. Give a(v).
8
Let d = 120 + -121. Let u(a) = -6*a**3 + 1. Determine u(d).
7
Suppose -3*r - 5 = 2*r. Let p(f) = -2*f**2 + 31*f - 29*f + 24 - 12 - 11. What is p(r)?
-3
Let y be (-4 - -3)/(2/(-6)). Let q(d) be the first derivative of 3/2*d**2 + 3*d + 1 - 4/3*d**3 + 1/4*d**4. Calculate q(y).
3
Let h(g) be the first derivative of -g**4/4 - 5*g**3/3 + g**2/2 - 4*g + 111. Determine h(-5).
-9
Let c be 6/((-5)/(-10)*-3). Let n(m) = 5*m**3 - 29*m**2 - 11*m - 4. Let w(x) = x**3 - 7*x**2 - 3*x - 1. Let a(d) = -2*n(d) + 9*w(d). Give a(c).
3
Let j(v) = 10*v - 6. Let z(a) = -5*a + 3. Let q(y) = -4*j(y) - 7*z(y). Calculate q(3).
-12
Let a(j) = -j**2 - j. Let w(u) = 6*u**2 + 5*u + 1. Let y(l) = 11*a(l) + 2*w(l). Give y(-2).
8
Suppose 4*y - 3*a + 33 = 0, 16*a - 6 = 14*a. Let p(h) = -h**3 - 5*h**2 + 8*h + 3. Determine p(y).
-9
Let v(k) = -k**3 + 3*k**2 + k + 2. Suppose 7*x = 3*x + 16. Suppose -x + 5 = -m. Let l be ((-4)/14)/(m/7). Give v(l).
8
Let g(w) = w + 1. Let z(b) = b + 12. Suppose 5*p - 30 = -4*r, 16 = -2*p + 2*r + 2*r. Let y(q) = p*g(q) - z(q). Give y(6).
-4
Let q be -4*((-2)/(-5) + 76/(-40)). Let v = 1 - -3. Suppose 2 - q = -v*j. Let k(t) = 5*t - 1. Calculate k(j).
4
Let q(g) = g**2 - 8*g - 1. Let k be q(8). Let j = -6 - -8. Let h(s) = 4*s**2 - 1 + 3*s**2 - 6*s**j - 3*s**2. Give h(k).
-3
Let a(w) = w - 53 + 23 + 22. Calculate a(-10).
-18
Suppose 0 = h + 3*m + 2, m = -2*h - 0*m - 4. Let u(x) be the third derivative of x**5/30 - x**4/24 + x**3/6 + x**2 - 16*x. Calculate u(h).
11
Let x(f) be the third derivative of -f**5/60 + 5*f**4/24 - f**3/2 - 165*f**2. What is x(3)?
3
Let c(p) be the first derivative of p**5/60 + 5*p**4/24 + p**3 + 5*p**2 + 21. Let i(a) be the second derivative of c(a). Give i(-4).
2
Let h(u) be the third derivative of -u**7/5040 - u**6/144 + u**5/10 + 10*u**2. Let g(d) be the third derivative of h(d). Let r = 3 + -3. Give g(r).
-5
Let n(j) = 3 + j - 7*j - 1 - j. Let o(z) = 6*z - 1. Let h(d) = -5*n(d) - 6*o(d). Give h(-4).
0
Suppose 2*i = 10, -10*t - 25 = -9*t - 3*i. Let v(o) = -o - 5. Determine v(t).
5
Let w(z) = 8*z**3 - 13*z**2 + 19*z - 10. Let h(q) = 7*q**3 - 10*q**2 + 18*q - 8. Let j(f) = -7*h(f) + 6*w(f). Determine j(-6).
-4
Let b(u) = 3*u**3 + u + 2. Suppose 0 = -182*j + 185*j + 6. What is b(j)?
-24
Let w be 94/(-18) + (-98)/(-441). Let k(t) = -t**2 - 2*t + 2. Calculate k(w).
-13
Let x(a) = -a**2 + 4*a - 20. Let s(z) = z**2 - 4*z + 20. Let h(y) = -3*s(y) - 2*x(y). Let t(b) be the first derivative of h(b). What is t(3)?
-2
Let j be (-2)/(-20)*(-16)/(-32). Let l(k) be the second derivative of 0 + 2*k + 2/3*k**4 - 7/6*k**3 + 3/2*k**2 - j*k**5. Determine l(7).
3
Let g(a) = -13*a**2 - 15*a - 18. Let z(q) = 4*q**2 - 1. Let s(w) = g(w) + 3*z(w). Determine s(-13).
5
Suppose -h + 23 = -9. Let q = h - 27. Let t(s) be the first derivative of -s**3/3 + 7*s**2/2 - 3*s - 1. Determine t(q).
7
Let v(f) be the first derivative of -3/2*f**2 - 1/3*f**3 - 2 + 2*f. Determine v(-5).
-8
Suppose 1 = -6*y + 7*y. Let t(q) = 5*q. Let s be 2/6 - (-15)/9. Let i(w) = w**2 - w. Let r(o) = s*i(o) + y*t(o). Determine r(-2).
2
Suppose 2*a + 12 - 82 = 0. Let i = a - 39. Let s(y) = -y**3 + 3*y**2 + 4*y - 3. Let t(c) = -c**3 - c**2 + c - 1. Let b(q) = -s(q) + 2*t(q). Give b(i).
-7
Let u(n) = -n**3 + 8*n**2 - 15*n + 20. Let r b